 s, -4*a = -3*l - 4. Does 12 divide (9/l)/(3/16)?
True
Let w(m) = -m**2 + 5*m + 8. Let u = 16 - 9. Let a be w(u). Does 11 divide (-3)/a*1*44?
True
Let u(l) = l**3 - l**2 - 4*l - 4. Is u(4) a multiple of 14?
True
Is 16 a factor of ((-133)/(-14))/((-1)/(-2))?
False
Suppose -t = t - 6. Suppose -5*g - 4*f = -126, -t*g + 2*f + 78 + 2 = 0. Suppose -1 = -n + g. Does 8 divide n?
False
Let o = 4 + -2. Suppose o*u + 1 = 7. Does 2 divide u?
False
Suppose -4*z + 4*w - 20 = 0, 2*z = -2*w + 8 - 2. Let k(i) = -5*i. Is k(z) a multiple of 3?
False
Let c(l) = l + 15. Is c(9) a multiple of 8?
True
Does 21 divide 82 + (4/(-1))/(-2)?
True
Suppose 3*u - 10 = -2*k, -u - u = -4*k + 36. Is k a multiple of 4?
True
Suppose -3*o + 4*o - 36 = 0. Let g = 106 - o. Suppose -g = -2*r - 3*r. Is r a multiple of 5?
False
Suppose 0 = 3*h + 2*y - 374, 4*h - h - 5*y = 409. Does 32 divide h?
True
Let g(t) = -4*t + 1. Suppose -b + 3*b - 3*c = 3, -2*c = -3*b - 8. Does 19 divide g(b)?
False
Suppose -7*f = 16 - 93. Does 5 divide f?
False
Does 16 divide -2 + 101 - 4*1?
False
Let p(i) = i**2 + 2*i - 3. Let w be p(2). Suppose -3*l - 2*v = -5*l + 116, w*l - 2*v = 287. Is l a multiple of 19?
True
Let k(s) = s**3 - 5*s**2 + s - 3. Let y be k(5). Suppose -y*d - 4 = -3*d. Suppose -2*z + 14 = -4*j - 12, -d*j - 65 = -5*z. Does 13 divide z?
True
Suppose 4*j = -8, 3*j = -4*m - 0*j + 6. Let g(s) = 3*s - 4. Let n be g(m). Suppose 2*v + 3*v + 25 = 0, -n*v = -4*x + 61. Does 6 divide x?
False
Suppose -2*t - 58 = -2*y, 0 = 2*y + 2*t - 6 - 72. Does 17 divide ((-1)/2)/((-1)/y)?
True
Let c(x) = x**2 - 3*x + 2. Let f be c(2). Suppose -2*y + 3*y - 22 = f. Does 7 divide y?
False
Let u = -7 - -5. Let d be (u + 1)*-1*104. Suppose -2*y - 5*l + 100 = 0, 3*y = 2*l + 2*l + d. Does 20 divide y?
True
Let d(i) = -7*i - 4. Is d(-3) a multiple of 2?
False
Let h(a) = -a**3 + 4*a**2 + 6*a - 7. Let k be h(5). Let t be (-1)/4 - k/8. Suppose t = -2*q + 4 + 16. Is 9 a factor of q?
False
Let i(q) = 39*q**2 - 2*q + 1. Suppose 0 = -4*y + 3 + 1. Suppose -4*k = -r - 7, -y = -3*k - 3*r - 7. Does 19 divide i(k)?
True
Is 5 a factor of 27/(-6)*10/(-5)?
False
Let u = -13 - -13. Is 3 a factor of u + (-1 - -2 - -12)?
False
Let s = 45 - 20. Suppose 0*i - 5*i = s. Let y(h) = -4*h + 6. Is y(i) a multiple of 17?
False
Suppose -1 = w + x + 12, -5*w = 3*x + 71. Is -4*1/w*52 a multiple of 3?
False
Let w(t) = -3*t + 7. Let s be w(3). Does 21 divide ((-7)/2)/(s/36)?
True
Let j(m) = -65*m**3 - 2*m**2 - 3*m - 2. Let g = -22 + 21. Is 16 a factor of j(g)?
True
Suppose -2*s - 297 = -65. Suppose -5*p + 830 = 5*f, 3*f - 2*p - 530 = 3*p. Let g = f + s. Is 18 a factor of g?
True
Let o(j) = 22*j - 10. Is o(5) a multiple of 25?
True
Let c = -5 + 4. Let u be (c/(-2))/(2/12). Suppose -q - 28 = -u*q. Is 4 a factor of q?
False
Let a be 2/(-12) + (-25)/30. Is (-234)/(-24) - a/4 a multiple of 5?
True
Let t be (-6)/(-1 - (-332)/344). Suppose 56 = 4*s - t. Is 16 a factor of s?
False
Let s(z) = z**2 + 6*z - 2. Is 13 a factor of s(5)?
False
Let i(w) = 3*w. Let m(o) = 4*o. Let p(c) = 6*i(c) - 4*m(c). Let n be p(-3). Let d = 3 - n. Does 6 divide d?
False
Suppose -2*x = -3*x + 7. Suppose -h + x = 5*f - 5, -4*f = -2*h + 80. Is 12 a factor of h?
False
Let a = -6 + 11. Suppose 3*p = -5*c - p + 45, -p = -2*c + a. Suppose m = 12 - c. Is 7 a factor of m?
True
Let a = -11 + 16. Suppose -f + 8 = a. Does 3 divide f?
True
Let k = 79 + 121. Is k a multiple of 50?
True
Let o(l) = l**3 + 5*l**2 - 10*l + 4. Let r be o(-8). Let k be 0/1 + r/3. Let a = k - -50. Does 7 divide a?
True
Suppose -2*s = w - 46, -w + 4*s + 168 = 2*w. Does 17 divide w?
False
Let d(p) = -p**2 + 5*p - 1. Let s be d(5). Let g = s + 3. Is g + -1*(2 - 29) a multiple of 12?
False
Suppose 3*h = 2*h + 10. Is h a multiple of 10?
True
Suppose 2*h - 24 = -3*r, -h - 3*r + 48 = 3*h. Is 6 a factor of 1/((-22)/h - -2)?
True
Let y(k) = -k**3 - 8*k**2 - 10*k + 3. Let m be y(-7). Is 5 a factor of (-8)/(-2 + m/15)?
True
Let v = 11 - 8. Does 3 divide (v*1)/(4/12)?
True
Suppose 4*a - 1 = 27. Suppose u + 4 = a*b - 3*b, b + 5*u = 22. Suppose -19 = -3*c - b*k + 45, c - 28 = -2*k. Is 8 a factor of c?
False
Let y be -2*(3 - -78)/(-3). Let q = y + -36. Does 16 divide 12*3/q*16?
True
Suppose q = 3*t + 4, -2*q - 4*t = -1 - 7. Suppose q*o - 26 = -4*b + 2, 2*b = -o + 12. Is 10 a factor of b/(-1) + 2 - -15?
False
Let i(h) = h**3 + 8*h**2 - 3*h - 2. Suppose -u = 2*u + 24. Does 11 divide i(u)?
True
Let l(z) = z + 5. Let v be l(-5). Suppose 4*k + a + 0*a - 34 = v, 3*k - 4*a = 16. Is 4 a factor of k?
True
Let g = 0 - -4. Suppose -5*l + 414 = -g*b, -3*l - 2*b + 242 = -6*b. Is l a multiple of 28?
False
Suppose -4*i + z + 16 = 0, 5*i + 2*z = -z + 37. Suppose -4*f = -2*l - 14 + 4, 25 = -f - i*l. Let h = 19 + f. Is h a multiple of 19?
True
Let o(i) be the second derivative of 3*i**5/10 - i**4/4 + i**2/2 - i. Is 15 a factor of o(2)?
False
Let z = -8 + -1. Let c be 3/(z/6) - -19. Suppose c = n - 7. Is n a multiple of 9?
False
Let a be (44/(-55))/(2/(-10)). Is 27 a factor of (27*-2)/(-5 + a)?
True
Let n = 57 - 26. Is 3 a factor of n?
False
Let u = 214 + -88. Is u a multiple of 27?
False
Suppose 3*t - 28 - 11 = 0. Let d = 35 - t. Is 14 a factor of d?
False
Let r be -8 + 10 - (-8)/2. Suppose -9 = -5*p + r. Does 2 divide p?
False
Let j = 129 + -64. Is j a multiple of 13?
True
Suppose -4*a = 3*w - 106, -w - 5*a + a + 30 = 0. Does 11 divide w?
False
Let s = 145 + -79. Is 33 a factor of s?
True
Suppose 4 = 2*k + 2*k. Suppose 3*u - 22 = -k. Is u a multiple of 6?
False
Let b(j) = -2*j**3 - 1. Let d be b(-1). Let k = d - -3. Is 2 a factor of k?
True
Suppose 5*w = w + 8. Let l = 193 + -103. Suppose 2*u + 5*p - 105 = -2*u, 4*u + w*p - l = 0. Is u a multiple of 20?
True
Is 13 a factor of 14 + -2 + (-1 - -3)?
False
Let g(q) be the first derivative of q**4/4 + 8*q**3/3 - 3*q**2/2 + 7*q + 2. Is 19 a factor of g(-8)?
False
Let r(u) = 98*u**3 + 2*u - 2. Does 14 divide r(1)?
True
Let n(y) = 2*y - 6. Let l = 67 + -27. Suppose 0 = 4*h - 4*q - 24, 4*h = -h - 5*q + l. Does 4 divide n(h)?
True
Suppose x = -4*u + 25, x - 15 = 3*x - 5*u. Suppose v - g - 5 = 0, g - x = -3*v - 2. Suppose -r + 3*b = r - 62, 2*r + v*b = 52. Does 14 divide r?
True
Let u = 3 - 11. Let a = -5 - u. Suppose -n + 28 = a*n - 4*i, -2*i - 8 = 0. Is n a multiple of 2?
False
Suppose -18 = -2*w - 2*z, -3*w - 2*z + 32 = w. Suppose -2*u = -w + 19. Is u/(-15) - (-226)/10 a multiple of 8?
False
Suppose -2*g + 53 - 201 = 2*k, 2*k - 4*g = -166. Is 7 a factor of 22/k + 184/7?
False
Let w(l) be the first derivative of l**4/4 - l**3/3 - l**2/2 + 2*l - 3. Let i be w(2). Suppose i*k - 4 = 0, -3 = 2*o + 2*k - 49. Is o a multiple of 12?
False
Is 9 a factor of (2/((6/(-219))/1))/(-1)?
False
Suppose -a + 13 = v - 26, a + 5*v = 39. Let c = -22 + a. Is 14 a factor of c?
False
Let f = 8 - 5. Let d = f + 7. Is d a multiple of 9?
False
Suppose 242 = f - 33. Is f a multiple of 25?
True
Is (-37)/(-7) + 10/(-35) a multiple of 2?
False
Let p = 2 - 3. Let u(r) = -56*r**3 + r**2 - 1. Is u(p) a multiple of 14?
True
Let k = -19 - -37. Is 6 a factor of k?
True
Let h(t) = -t + 4. Let c be h(4). Suppose c = 3*m - 4 - 2. Suppose -2*x = -4*l + 4, -3*l = m*l - 2*x - 7. Is l even?
False
Is (-10)/(-3)*(-6)/(-2) a multiple of 10?
True
Suppose 0 = -4*h + 12. Suppose 0 - 6 = -h*r. Suppose -30 = q - 4*q + 4*v, r*q - 3*v = 21. Is q a multiple of 6?
True
Let d(k) = 8*k + 10. Let c be d(-7). Let g be (6 - 2) + -2 - 28. Let a = g - c. Is 10 a factor of a?
True
Let w = 5 + 114. Let z = -71 + w. Does 13 divide z?
False
Suppose 2*r - 19 = r. Suppose 4*h + z = -43, -z + 5*z - 38 = 5*h. Let a = h + r. Does 4 divide a?
False
Let y = -36 + -36. Let o = 125 + y. Is o a multiple of 32?
False
Suppose -51 - 234 = -5*k. Let z be (-1)/(-2 - k/(-30)). Let i = z - 2. Is i a multiple of 8?
True
Suppose 213 = -2*p + 5*p. Suppose 2*k - 38 = -0*k + 2*n, 0 = -4*k + 3*n + p. Is 14 a factor of k?
True
Let l = -3 + -1. Does 15 divide ((-40)/6)/(l/18)?
True
Let a = 678 - 483. Is 15 a factor of a?
True
Suppose 2*b = 4*i + 126, -4*i - 114 = b + b. Let u = -18 - i. Is u a multiple of 6?
True
Let s = 191 - 74. Is 39 a factor of s?
True
Let q be 1984/14 + 6/21. Suppose 3*w - q = m, -25 = -w - m + 17. Suppose -4*c + w = -l - 94, 0 = c + 5*l - 56. Is c a multiple of 15?
False
Sup